{"id":1154,"date":"2018-11-21T15:19:29","date_gmt":"2018-11-21T18:19:29","guid":{"rendered":"http:\/\/taboaocalhas.com.br\/?page_id=1154"},"modified":"2018-11-21T15:20:07","modified_gmt":"2018-11-21T18:20:07","slug":"exaustor-eolico","status":"publish","type":"page","link":"https:\/\/taboaocalhas.com.br\/index.php\/exaustor-eolico\/","title":{"rendered":"EXAUSTORES E\u00d3LICOS"},"content":{"rendered":"<p>Somos especialistas na instala\u00e7\u00e3o de exaustores e\u00f3licos, fa\u00e7a seu or\u00e7amento sem compromisso:<\/p>\n\n\t\t<!-- MasterSlider -->\n\t\t<div id=\"P_MS6a079e506a6b8\" class=\"master-slider-parent msl ms-parent-id-8\" style=\"max-width:800px;\"  >\n\n\t\t\t\n\t\t\t<!-- MasterSlider Main -->\n\t\t\t<div id=\"MS6a079e506a6b8\" class=\"master-slider ms-skin-default\" >\n\t\t\t\t \t\t\t\t \n\t\t\t\t<div  class=\"ms-slide\" data-delay=\"3\" data-fill-mode=\"fit\"  >\n\t\t\t\t\t<img decoding=\"async\" src=\"https:\/\/taboaocalhas.com.br\/wp-content\/plugins\/master-slider\/public\/assets\/css\/blank.gif\" alt=\"\" title=\"\" data-src=\"https:\/\/taboaocalhas.com.br\/wp-content\/uploads\/2018\/11\/Exaustor-e\u00f3lico-A.jpg\" \/>\n\n\t\t\t\t\t<div class=\"ms-info\"><span style=\"color: #ffff00;\">Exaustor e\u00f3lico A<\/span><\/div>\n\n\n\t<img decoding=\"async\" class=\"ms-thumb\" src=\"https:\/\/taboaocalhas.com.br\/wp-content\/uploads\/2018\/11\/Exaustor-e\u00f3lico-A-140x80.jpg\" alt=\"\" \/>\n\t<div class=\"ms-thumb\" ><div class=\"ms-tab-context\"><div class=&quot;ms-tab-context&quot;><\/div><\/div>\n<\/div>\n\t\t\t\t<\/div>\n\t\t\t\t<div  class=\"ms-slide\" data-delay=\"3\" data-fill-mode=\"fit\"  >\n\t\t\t\t\t<img decoding=\"async\" src=\"https:\/\/taboaocalhas.com.br\/wp-content\/plugins\/master-slider\/public\/assets\/css\/blank.gif\" alt=\"\" title=\"\" data-src=\"https:\/\/taboaocalhas.com.br\/wp-content\/uploads\/2018\/11\/Exaustor-e\u00f3lico-B.jpg\" \/>\n\n\t\t\t\t\t<div class=\"ms-info\"><span style=\"color: #ffff00;\">Exaustor e\u00f3lico B<\/span><\/div>\n\n\n\t<img decoding=\"async\" class=\"ms-thumb\" src=\"https:\/\/taboaocalhas.com.br\/wp-content\/uploads\/2018\/11\/Exaustor-e\u00f3lico-B-140x80.jpg\" alt=\"\" \/>\n\t<div class=\"ms-thumb\" ><div class=\"ms-tab-context\"><div class=&quot;ms-tab-context&quot;><\/div><\/div>\n<\/div>\n\t\t\t\t<\/div>\n\t\t\t\t<div  class=\"ms-slide\" data-delay=\"3\" data-fill-mode=\"fit\"  >\n\t\t\t\t\t<img decoding=\"async\" src=\"https:\/\/taboaocalhas.com.br\/wp-content\/plugins\/master-slider\/public\/assets\/css\/blank.gif\" alt=\"\" title=\"\" data-src=\"https:\/\/taboaocalhas.com.br\/wp-content\/uploads\/2018\/11\/Exaustor-e\u00f3lico-C.jpg\" \/>\n\n\t\t\t\t\t<div class=\"ms-info\"><span style=\"color: #ffff00;\">Exaustor e\u00f3lico C<\/span><\/div>\n\n\n\t<img decoding=\"async\" class=\"ms-thumb\" src=\"https:\/\/taboaocalhas.com.br\/wp-content\/uploads\/2018\/11\/Exaustor-e\u00f3lico-C-140x80.jpg\" alt=\"\" \/>\n\t<div class=\"ms-thumb\" ><div class=\"ms-tab-context\"><div class=&quot;ms-tab-context&quot;><\/div><\/div>\n<\/div>\n\t\t\t\t<\/div>\n\t\t\t\t<div  class=\"ms-slide\" data-delay=\"3\" data-fill-mode=\"fit\"  >\n\t\t\t\t\t<img decoding=\"async\" src=\"https:\/\/taboaocalhas.com.br\/wp-content\/plugins\/master-slider\/public\/assets\/css\/blank.gif\" alt=\"\" title=\"\" data-src=\"https:\/\/taboaocalhas.com.br\/wp-content\/uploads\/2018\/11\/Exaustor-e\u00f3lico-D.jpg\" \/>\n\n\t\t\t\t\t<div class=\"ms-info\"><span style=\"color: #ffff00;\">Exaustor e\u00f3lico D<\/span><\/div>\n\n\n\t<img decoding=\"async\" class=\"ms-thumb\" src=\"https:\/\/taboaocalhas.com.br\/wp-content\/uploads\/2018\/11\/Exaustor-e\u00f3lico-D-140x80.jpg\" alt=\"\" \/>\n\t<div class=\"ms-thumb\" ><div class=\"ms-tab-context\"><div class=&quot;ms-tab-context&quot;><\/div><\/div>\n<\/div>\n\t\t\t\t<\/div>\n\t\t\t\t<div  class=\"ms-slide\" data-delay=\"3\" data-fill-mode=\"fit\"  >\n\t\t\t\t\t<img decoding=\"async\" src=\"https:\/\/taboaocalhas.com.br\/wp-content\/plugins\/master-slider\/public\/assets\/css\/blank.gif\" alt=\"\" title=\"\" data-src=\"https:\/\/taboaocalhas.com.br\/wp-content\/uploads\/2018\/11\/Exaustor-e\u00f3lico-E.jpg\" \/>\n\n\t\t\t\t\t<div class=\"ms-info\"><span style=\"color: #ffff00;\">Exaustor e\u00f3lico E<\/span><\/div>\n\n\n\t<img decoding=\"async\" class=\"ms-thumb\" src=\"https:\/\/taboaocalhas.com.br\/wp-content\/uploads\/2018\/11\/Exaustor-e\u00f3lico-E-140x80.jpg\" alt=\"\" \/>\n\t<div class=\"ms-thumb\" ><div class=\"ms-tab-context\"><div class=&quot;ms-tab-context&quot;><\/div><\/div>\n<\/div>\n\t\t\t\t<\/div>\n\t\t\t\t<div  class=\"ms-slide\" data-delay=\"3\" data-fill-mode=\"fit\"  >\n\t\t\t\t\t<img decoding=\"async\" src=\"https:\/\/taboaocalhas.com.br\/wp-content\/plugins\/master-slider\/public\/assets\/css\/blank.gif\" alt=\"\" title=\"\" data-src=\"https:\/\/taboaocalhas.com.br\/wp-content\/uploads\/2018\/11\/Exaustor-e\u00f3lico-F.jpg\" \/>\n\n\t\t\t\t\t<div class=\"ms-info\"><span style=\"color: #ffff00;\">Exaustor e\u00f3lico F<\/span><\/div>\n\n\n\t<img decoding=\"async\" class=\"ms-thumb\" src=\"https:\/\/taboaocalhas.com.br\/wp-content\/uploads\/2018\/11\/Exaustor-e\u00f3lico-F-140x80.jpg\" alt=\"\" \/>\n\t<div class=\"ms-thumb\" ><div class=\"ms-tab-context\"><div class=&quot;ms-tab-context&quot;><\/div><\/div>\n<\/div>\n\t\t\t\t<\/div>\n\t\t\t\t<div  class=\"ms-slide\" data-delay=\"3\" data-fill-mode=\"fit\"  >\n\t\t\t\t\t<img decoding=\"async\" src=\"https:\/\/taboaocalhas.com.br\/wp-content\/plugins\/master-slider\/public\/assets\/css\/blank.gif\" alt=\"\" title=\"\" data-src=\"https:\/\/taboaocalhas.com.br\/wp-content\/uploads\/2018\/11\/Exaustor-e\u00f3lico-G.jpg\" \/>\n\n\t\t\t\t\t<div class=\"ms-info\"><span style=\"color: #ffff00;\">Exaustor e\u00f3lico H<\/span><\/div>\n\n\n\t<img decoding=\"async\" class=\"ms-thumb\" src=\"https:\/\/taboaocalhas.com.br\/wp-content\/uploads\/2018\/11\/Exaustor-e\u00f3lico-G-140x80.jpg\" alt=\"\" \/>\n\t<div class=\"ms-thumb\" ><div class=\"ms-tab-context\"><div class=&quot;ms-tab-context&quot;><\/div><\/div>\n<\/div>\n\t\t\t\t<\/div>\n\t\t\t\t<div  class=\"ms-slide\" data-delay=\"3\" data-fill-mode=\"fit\"  >\n\t\t\t\t\t<img decoding=\"async\" src=\"https:\/\/taboaocalhas.com.br\/wp-content\/plugins\/master-slider\/public\/assets\/css\/blank.gif\" alt=\"\" title=\"\" data-src=\"https:\/\/taboaocalhas.com.br\/wp-content\/uploads\/2018\/11\/Exaustor-e\u00f3lico-H.jpg\" \/>\n\n\t\t\t\t\t<div class=\"ms-info\"><span style=\"color: #ffff00;\">Exaustor e\u00f3lico G<\/span><\/div>\n\n\n\t<img decoding=\"async\" class=\"ms-thumb\" src=\"https:\/\/taboaocalhas.com.br\/wp-content\/uploads\/2018\/11\/Exaustor-e\u00f3lico-H-140x80.jpg\" alt=\"\" \/>\n\t<div class=\"ms-thumb\" ><div class=\"ms-tab-context\"><div class=&quot;ms-tab-context&quot;><\/div><\/div>\n<\/div>\n\t\t\t\t<\/div>\n\t\t\t\t<div  class=\"ms-slide\" data-delay=\"3\" data-fill-mode=\"fit\"  >\n\t\t\t\t\t<img decoding=\"async\" src=\"https:\/\/taboaocalhas.com.br\/wp-content\/plugins\/master-slider\/public\/assets\/css\/blank.gif\" alt=\"\" title=\"\" data-src=\"https:\/\/taboaocalhas.com.br\/wp-content\/uploads\/2018\/11\/Exaustor-e\u00f3lico-I.jpg\" \/>\n\n\t\t\t\t\t<div class=\"ms-info\"><span style=\"color: #ffff00;\">Exaustor e\u00f3lico I<\/span><\/div>\n\n\n\t<img decoding=\"async\" class=\"ms-thumb\" src=\"https:\/\/taboaocalhas.com.br\/wp-content\/uploads\/2018\/11\/Exaustor-e\u00f3lico-I-140x80.jpg\" alt=\"\" \/>\n\t<div class=\"ms-thumb\" ><div class=\"ms-tab-context\"><div class=&quot;ms-tab-context&quot;><\/div><\/div>\n<\/div>\n\t\t\t\t<\/div>\n\t\t\t\t<div  class=\"ms-slide\" data-delay=\"3\" data-fill-mode=\"fit\"  >\n\t\t\t\t\t<img decoding=\"async\" src=\"https:\/\/taboaocalhas.com.br\/wp-content\/plugins\/master-slider\/public\/assets\/css\/blank.gif\" alt=\"\" title=\"\" data-src=\"https:\/\/taboaocalhas.com.br\/wp-content\/uploads\/2018\/11\/Exaustor-e\u00f3lico-J.jpg\" \/>\n\n\t\t\t\t\t<div class=\"ms-info\"><span style=\"color: #ffff00;\">Exaustor e\u00f3lico J<\/span><\/div>\n\n\n\t<img decoding=\"async\" class=\"ms-thumb\" src=\"https:\/\/taboaocalhas.com.br\/wp-content\/uploads\/2018\/11\/Exaustor-e\u00f3lico-J-140x80.jpg\" alt=\"\" \/>\n\t<div class=\"ms-thumb\" ><div class=\"ms-tab-context\"><div class=&quot;ms-tab-context&quot;><\/div><\/div>\n<\/div>\n\t\t\t\t<\/div>\n\t\t\t\t<div  class=\"ms-slide\" data-delay=\"3\" data-fill-mode=\"fit\"  >\n\t\t\t\t\t<img decoding=\"async\" src=\"https:\/\/taboaocalhas.com.br\/wp-content\/plugins\/master-slider\/public\/assets\/css\/blank.gif\" alt=\"\" title=\"\" data-src=\"https:\/\/taboaocalhas.com.br\/wp-content\/uploads\/2018\/11\/Exaustor-e\u00f3lico-K.jpg\" \/>\n\n\t\t\t\t\t<div class=\"ms-info\"><span style=\"color: #ffff00;\">Exaustor e\u00f3lico K<\/span><\/div>\n\n\n\t<img decoding=\"async\" class=\"ms-thumb\" src=\"https:\/\/taboaocalhas.com.br\/wp-content\/uploads\/2018\/11\/Exaustor-e\u00f3lico-K-140x80.jpg\" alt=\"\" \/>\n\t<div class=\"ms-thumb\" ><div class=\"ms-tab-context\"><div class=&quot;ms-tab-context&quot;><\/div><\/div>\n<\/div>\n\t\t\t\t<\/div>\n\n\t\t\t<\/div>\n\t\t\t<!-- END MasterSlider Main -->\n\n\t\t\t \n\t\t<\/div>\n\t\t<!-- END MasterSlider -->\n\n\t\t<script>\n\t\t(function ( $ ) {\n\t\t\t\"use strict\";\n\n\t\t\t$(function () {\n\t\t\t\tvar masterslider_a6b8 = new MasterSlider();\n\n\t\t\t\t\/\/ slider controls\n\t\t\t\tmasterslider_a6b8.control('arrows'     ,{ autohide:false, overVideo:true  });\t\t\t\tmasterslider_a6b8.control('bullets'    ,{ autohide:false, overVideo:true, dir:'h', align:'bottom' , margin:10  });\n\n\t\t\t\tmasterslider_a6b8.control('thumblist'  ,{ autohide:false, overVideo:true, dir:'h', speed:17, inset:false, arrows:false, hover:false, customClass:'', align:'bottom',type:'thumbs', margin:5, width:140, height:80, space:5, fillMode:'fill'  });\n\t\t\t\tmasterslider_a6b8.control('slideinfo'  ,{ autohide:false, overVideo:true, dir:'h', align:'bottom',inset:false , margin:10   });\n\t\t\t\t\/\/ slider setup\n\t\t\t\tmasterslider_a6b8.setup(\"MS6a079e506a6b8\", {\n\t\t\t\t\t\twidth           : 800,\n\t\t\t\t\t\theight          : 480,\n\t\t\t\t\t\tminHeight       : 0,\n\t\t\t\t\t\tspace           : 0,\n\t\t\t\t\t\tstart           : 1,\n\t\t\t\t\t\tgrabCursor      : true,\n\t\t\t\t\t\tswipe           : true,\n\t\t\t\t\t\tmouse           : true,\n\t\t\t\t\t\tlayout          : \"boxed\",\n\t\t\t\t\t\twheel           : false,\n\t\t\t\t\t\tautoplay        : false,\n\t\t\t\t\t\tinstantStartLayers:false,\n\t\t\t\t\t\tloop            : true,\n\t\t\t\t\t\tshuffle         : false,\n\t\t\t\t\t\tpreload         : 0,\n\t\t\t\t\t\theightLimit     : true,\n\t\t\t\t\t\tautoHeight      : false,\n\t\t\t\t\t\tsmoothHeight    : true,\n\t\t\t\t\t\tendPause        : false,\n\t\t\t\t\t\toverPause       : true,\n\t\t\t\t\t\tfillMode        : \"fill\",\n\t\t\t\t\t\tcenterControls  : true,\n\t\t\t\t\t\tstartOnAppear   : false,\n\t\t\t\t\t\tlayersMode      : \"center\",\n\t\t\t\t\t\thideLayers      : false,\n\t\t\t\t\t\tfullscreenMargin: 0,\n\t\t\t\t\t\tspeed           : 20,\n\t\t\t\t\t\tdir             : \"h\",\n\t\t\t\t\t\tparallaxMode    : 'swipe',\n\t\t\t\t\t\tview            : \"basic\"\n\t\t\t\t});\n\n\t\t\t\t\n\t\t\t\twindow.masterslider_instances = window.masterslider_instances || [];\n\t\t\t\twindow.masterslider_instances.push( masterslider_a6b8 );\n\t\t\t });\n\n\t\t})(jQuery);\n\t\t<\/script>\n\n\n<p>&nbsp;<\/p>\n","protected":false},"excerpt":{"rendered":"<p>Somos especialistas na instala\u00e7\u00e3o de exaustores e\u00f3licos, fa\u00e7a seu or\u00e7amento sem compromisso: &nbsp;<\/p>\n","protected":false},"author":1,"featured_media":1159,"parent":0,"menu_order":0,"comment_status":"closed","ping_status":"closed","template":"","meta":{"footnotes":""},"class_list":["post-1154","page","type-page","status-publish","has-post-thumbnail","hentry"],"_links":{"self":[{"href":"https:\/\/taboaocalhas.com.br\/index.php\/wp-json\/wp\/v2\/pages\/1154"}],"collection":[{"href":"https:\/\/taboaocalhas.com.br\/index.php\/wp-json\/wp\/v2\/pages"}],"about":[{"href":"https:\/\/taboaocalhas.com.br\/index.php\/wp-json\/wp\/v2\/types\/page"}],"author":[{"embeddable":true,"href":"https:\/\/taboaocalhas.com.br\/index.php\/wp-json\/wp\/v2\/users\/1"}],"replies":[{"embeddable":true,"href":"https:\/\/taboaocalhas.com.br\/index.php\/wp-json\/wp\/v2\/comments?post=1154"}],"version-history":[{"count":2,"href":"https:\/\/taboaocalhas.com.br\/index.php\/wp-json\/wp\/v2\/pages\/1154\/revisions"}],"predecessor-version":[{"id":1167,"href":"https:\/\/taboaocalhas.com.br\/index.php\/wp-json\/wp\/v2\/pages\/1154\/revisions\/1167"}],"wp:featuredmedia":[{"embeddable":true,"href":"https:\/\/taboaocalhas.com.br\/index.php\/wp-json\/wp\/v2\/media\/1159"}],"wp:attachment":[{"href":"https:\/\/taboaocalhas.com.br\/index.php\/wp-json\/wp\/v2\/media?parent=1154"}],"curies":[{"name":"wp","href":"https:\/\/api.w.org\/{rel}","templated":true}]}}